{"id":548,"date":"2024-02-27T01:01:58","date_gmt":"2024-02-27T00:01:58","guid":{"rendered":"https:\/\/pagaloqueimprimes.mx\/renuevate\/?page_id=548"},"modified":"2024-02-27T01:18:20","modified_gmt":"2024-02-27T00:18:20","slug":"condiciones-del-programa","status":"publish","type":"page","link":"https:\/\/pagaloqueimprimes.mx\/renuevate\/condiciones-del-programa\/","title":{"rendered":"Condiciones del programa"},"content":{"rendered":"\t\t<div data-elementor-type=\"wp-page\" data-elementor-id=\"548\" class=\"elementor elementor-548\">\n\t\t\t\t<div class=\"elementor-element elementor-element-ba20926 e-flex e-con-boxed e-con e-parent\" data-id=\"ba20926\" data-element_type=\"container\" data-settings=\"{&quot;jet_parallax_layout_list&quot;:[],&quot;content_width&quot;:&quot;boxed&quot;}\" data-core-v316-plus=\"true\">\n\t\t\t\t\t<div class=\"e-con-inner\">\n\t\t\t\t<div class=\"elementor-element elementor-element-adaa0da elementor-widget elementor-widget-heading\" data-id=\"adaa0da\" data-element_type=\"widget\" data-widget_type=\"heading.default\">\n\t\t\t\t<div class=\"elementor-widget-container\">\n\t\t\t<style>\/*! elementor - v3.19.0 - 07-02-2024 *\/\n.elementor-heading-title{padding:0;margin:0;line-height:1}.elementor-widget-heading .elementor-heading-title[class*=elementor-size-]>a{color:inherit;font-size:inherit;line-height:inherit}.elementor-widget-heading .elementor-heading-title.elementor-size-small{font-size:15px}.elementor-widget-heading .elementor-heading-title.elementor-size-medium{font-size:19px}.elementor-widget-heading .elementor-heading-title.elementor-size-large{font-size:29px}.elementor-widget-heading .elementor-heading-title.elementor-size-xl{font-size:39px}.elementor-widget-heading .elementor-heading-title.elementor-size-xxl{font-size:59px}<\/style><h2 class=\"elementor-heading-title elementor-size-default\">CONDICIONES DEL PROGRAMA PLI RENUEVATE EN IMPRESI\u00d3N<\/h2>\t\t<\/div>\n\t\t\t\t<\/div>\n\t\t\t\t<div class=\"elementor-element elementor-element-fcbf7d0 elementor-widget elementor-widget-text-editor\" data-id=\"fcbf7d0\" data-element_type=\"widget\" data-widget_type=\"text-editor.default\">\n\t\t\t\t<div class=\"elementor-widget-container\">\n\t\t\t<style>\/*! elementor - v3.19.0 - 07-02-2024 *\/\n.elementor-widget-text-editor.elementor-drop-cap-view-stacked .elementor-drop-cap{background-color:#69727d;color:#fff}.elementor-widget-text-editor.elementor-drop-cap-view-framed .elementor-drop-cap{color:#69727d;border:3px solid;background-color:transparent}.elementor-widget-text-editor:not(.elementor-drop-cap-view-default) .elementor-drop-cap{margin-top:8px}.elementor-widget-text-editor:not(.elementor-drop-cap-view-default) .elementor-drop-cap-letter{width:1em;height:1em}.elementor-widget-text-editor .elementor-drop-cap{float:left;text-align:center;line-height:1;font-size:50px}.elementor-widget-text-editor .elementor-drop-cap-letter{display:inline-block}<\/style>\t\t\t\t<p class=\"p1\">Con el objetivo de asegurar un uso \u00f3ptimo de los equipos y proporcionar un servicio de calidad, se aplican las siguientes condiciones:<\/p>\n&nbsp;\n<p class=\"p1\"><span class=\"s1\" style=\"color: #74b630;\">1. <\/span><span class=\"s2\"><b><span style=\"color: #74b630;\">Duraci\u00f3n del Convenio<\/span>:<\/b><\/span> El convenio tiene una duraci\u00f3n de 9 meses, brindando flexibilidad a las empresas participantes.<\/p>\n&nbsp;\n<p class=\"p1\"><span style=\"color: #74b630;\"><span class=\"s1\">2. <\/span><span class=\"s2\"><b>Toma de Lectura Remota:<\/b><\/span> <\/span>La toma de lectura de impresiones y copias se realiza de forma remota para mayor comodidad y precisi\u00f3n.<\/p>\n&nbsp;\n<p class=\"p2\"><span class=\"s3\" style=\"color: #74b630;\">3. <\/span><b><span style=\"color: #74b630;\">El Soporte T\u00e9cnico Remoto Ilimitado es 100% OPCIONAL<\/span>:<\/b> <span class=\"s4\">Se ofrece <\/span>soporte t\u00e9cnico remoto ilimitado con un costo mensual del $699 pesos por equipo por mes, garantizando un servicio \u00e1gil y eficiente en minutos.<\/p>\n&nbsp;\n<p class=\"p1\"><span class=\"s1\" style=\"color: #74b630;\">4. <\/span><span class=\"s2\" style=\"color: #74b630;\"><b>Escaneos Limitados:<\/b><\/span> Cada equipo tiene derecho a 3,000 escaneos mensuales GRATIS durante el plazo del convenio. A partir del escaneon\u00famero 3,001, se aplicar\u00e1 un costo de $0.06 centavos por cada escaneo adicional por equipo.<\/p>\n&nbsp;\n<p class=\"p2\"><span class=\"s3\" style=\"color: #74b630;\">5. <\/span><b style=\"color: #74b630;\">La visita antes de aprobaci\u00f3n al programa<\/b> <span class=\"s4\">es obligatoria para dise\u00f1ar <\/span><span class=\"s3\">un plan a medida que <\/span><b>optimice la eficiencia y reduzca los costos <\/b><span class=\"s3\">de <\/span>impresi\u00f3n, copiado y digitalizaci\u00f3n.<\/p>\n&nbsp;\n<p class=\"p4\"><span style=\"color: #74b630;\">6.<\/span> <span class=\"s5\" style=\"color: #74b630;\"><b>Uso Responsable de los Equipos:<\/b><\/span> <span class=\"s6\">Se debe de mantener en buen <\/span>estado los equipos, deben seguir las recomendaciones de uso y mantenimiento proporcionadas.<\/p>\n&nbsp;\n<p class=\"p1\"><span class=\"s1\" style=\"color: #74b630;\">7. <\/span><span class=\"s2\" style=\"color: #74b630;\"><b>No Uso para Pirater\u00eda:<\/b><\/span> Los equipos de impresi\u00f3n no pueden ser utilizados para fines de pirater\u00eda, reproducci\u00f3n ilegal o actividades il\u00edcitas relacionadas con la impresi\u00f3n y copia de materiales protegidos por derechos de autor.<\/p>\n&nbsp;\n<p class=\"p1\"><span class=\"s1\" style=\"color: #74b630;\">8. <\/span><span class=\"s2\" style=\"color: #74b630;\"><b>Cobertura M\u00e1xima:<\/b><\/span> El plan <span class=\"s5\"><b>PLI ReNU\u00c9VAte<\/b><\/span> cubre hasta un m\u00e1ximo del 15% de la cobertura total en impresiones en negro o color en hojas tama\u00f1o carta u oficio.<\/p>\n&nbsp;\n<p class=\"p1\"><span class=\"s1\" style=\"color: #74b630;\">9. <\/span><span class=\"s2\" style=\"color: #74b630;\"><b>Mantenimiento Preventivo:<\/b><\/span> Se realizar\u00e1 un mantenimiento preventivo de los equipos de forma peri\u00f3dica para garantizar su \u00f3ptimo funcionamiento. Este servicio est\u00e1 incluido en el plan.<\/p>\n&nbsp;\n<p class=\"p1\"><span class=\"s1\" style=\"color: #74b630;\">10.<\/span> <span class=\"s2\" style=\"color: #74b630;\"><b>Consumibles NO Incluidos:<\/b><\/span> No se incluye el papel para impresi\u00f3n y\/o copiado.<\/p>\n&nbsp;\n<p class=\"p1\"><span class=\"s1\" style=\"color: #74b630;\">11.<\/span> <span class=\"s2\" style=\"color: #74b630;\"><b>Reciclaje Responsable: <\/b><\/span>Deber\u00e1 seguir las instrucciones proporcionadas sobre c\u00f3mo desechar estos materiales de manera adecuada.<\/p>\n&nbsp;\n<p class=\"p2\"><span class=\"s3\" style=\"color: #74b630;\">12.<\/span> <b style=\"color: #74b630;\">Costos por Da\u00f1os por Negligencia o Mal Uso:<\/b> <span class=\"s4\">Si se determina que <\/span>alg\u00fan da\u00f1o fue provocado por negligencia o mal uso por parte del usuario o cliente, deber\u00e1 cubrir los costos de los da\u00f1os generados en la pr\u00f3xima factura mensual en una sola exhibici\u00f3n. Previamente, le notificaremos y proporcionaremos un respaldo que demuestre que el da\u00f1o fue causado por negligencia o mal uso de los equipos.<\/p>\n&nbsp;\n<p class=\"p2\"><span class=\"s3\" style=\"color: #74b630;\">13. <\/span><b style=\"color: #74b630;\">Programa de Capacitaci\u00f3n Personalizada (Opcional):<\/b> <span class=\"s4\">Entendemos <\/span>que la productividad depende del conocimiento. Ofrecemos un programa de capacitaci\u00f3n personalizada opcional para tu personal. Esto garantiza que aproveches al m\u00e1ximo las capacidades de los equipos y aumentes la eficiencia en tu empresa.<\/p>\n&nbsp;\n<p class=\"p2\"><span class=\"s3\" style=\"color: #74b630;\">14.<\/span><b style=\"color: #74b630;\"> Programa de Actualizaci\u00f3n Tecnol\u00f3gica (Opcional):<\/b> <span class=\"s4\">La tecnolog\u00eda <\/span>avanza constantemente. Para mantener tu empresa al d\u00eda, ofrecemos la opci\u00f3n de actualizar tus equipos a modelos m\u00e1s nuevos y avanzados sin costo adicional. Esto asegura que siempre est\u00e9s equipado con la \u00faltima tecnolog\u00eda.<\/p>\n&nbsp;\n<p class=\"p2\"><span class=\"s3\" style=\"color: #74b630;\">15. <\/span><b style=\"color: #74b630;\">Equipos y Consumibles 100% Originales:<\/b> <span class=\"s4\">Garantizamos que todos los <\/span>equipos y consumibles utilizados en el programa son 100% originales.<\/p>\n<p class=\"p1\">Esto asegura la calidad y durabilidad de tus impresiones, copias yescaneos. Queda prohibido cambiar o intercambiar cartuchos sin autorizaci\u00f3n previa.<\/p>\n&nbsp;\n<p class=\"p1\"><span class=\"s1\" style=\"color: #74b630;\">16.<\/span> <span class=\"s2\" style=\"color: #74b630;\"><b>Derecho de Admisi\u00f3n:<\/b><\/span> Mantenemos altos est\u00e1ndares de servicio y calidad. Nos reservamos el derecho de admitir a empresas que cumplan con nuestros criterios de elegibilidad. Esto garantiza que todas las empresas participantes disfruten de un servicio de calidad.<\/p>\n&nbsp;\n<p class=\"p1\"><span class=\"s1\" style=\"color: #74b630;\">17.<\/span> <span class=\"s2\" style=\"color: #74b630;\"><b>Cambio de Equipos sin Costo:<\/b><\/span> Tu negocio puede evolucionar, y tus necesidades de impresi\u00f3n tambi\u00e9n. Ofrecemos la flexibilidad de cambiar tus equipos seg\u00fan tus necesidades <span class=\"s5\"><b>SIN COSTO<\/b><\/span> adicional. Esto asegura que siempre tengas los equipos adecuados para tu crecimiento.<\/p>\n&nbsp;\n<p class=\"p1\">Estas condiciones las dise\u00f1amos para ofrecerte un servicio de impresi\u00f3n, copiado y escaneo completo y personalizado que te ahorra tiempo, dinero y preocupaciones, permiti\u00e9ndote concentrarte en lo que realmente importa: <span class=\"s5\"><b>hacer crecer tu negocio<\/b><\/span>. Aseguran un uso responsable de los equipos, promueven la legalidad en el uso de los mismos y garantizan la transparencia en los costos y beneficios del plan.<\/p>\n&nbsp;\n<p class=\"p1\">El plan <span class=\"s2\"><b style=\"color: #74b630;\">ReNU\u00c9VAte EN IMPRESI\u00d3N 2024<\/b><\/span> se ha dise\u00f1ado para ofrecer a las empresas una soluci\u00f3n de impresi\u00f3n integral que combine eficiencia, ahorro y flexibilidad.<\/p>\n&nbsp;\n<p class=\"p1\">Nuestro compromiso es brindar un servicio de alta calidad y ayudar a las empresas a <span class=\"s5\"><b >optimizar<\/b><\/span> sus procesos de impresi\u00f3n, copiado y digitalizaci\u00f3n siendo amigables con nuestro Planeta.<\/p>\t\t\t\t\t\t<\/div>\n\t\t\t\t<\/div>\n\t\t\t\t\t<\/div>\n\t\t\t\t<\/div>\n\t\t\t\t<\/div>\n\t\t","protected":false},"excerpt":{"rendered":"<p>CONDICIONES DEL PROGRAMA PLI RENUEVATE EN IMPRESI\u00d3N Con el objetivo de asegurar un uso \u00f3ptimo de los equipos y proporcionar un servicio de calidad, se aplican las siguientes condiciones: &nbsp; 1. Duraci\u00f3n del Convenio: El convenio tiene una duraci\u00f3n de 9 meses, brindando flexibilidad a las empresas participantes. &nbsp; 2. Toma de Lectura Remota: La [&hellip;]<\/p>\n","protected":false},"author":1,"featured_media":0,"parent":0,"menu_order":0,"comment_status":"closed","ping_status":"closed","template":"","meta":{"_acf_changed":false,"footnotes":""},"acf":[],"yoast_head":"<!-- This site is optimized with the Yoast SEO plugin v22.8 - https:\/\/yoast.com\/wordpress\/plugins\/seo\/ -->\n<title>Condiciones del programa - reNUEVAte<\/title>\n<meta name=\"robots\" content=\"index, follow, max-snippet:-1, max-image-preview:large, max-video-preview:-1\" \/>\n<link rel=\"canonical\" href=\"https:\/\/pagaloqueimprimes.mx\/renuevate\/condiciones-del-programa\/\" \/>\n<meta property=\"og:locale\" content=\"es_ES\" \/>\n<meta property=\"og:type\" content=\"article\" \/>\n<meta property=\"og:title\" content=\"Condiciones del programa - reNUEVAte\" \/>\n<meta property=\"og:description\" content=\"CONDICIONES DEL PROGRAMA PLI RENUEVATE EN IMPRESI\u00d3N Con el objetivo de asegurar un uso \u00f3ptimo de los equipos y proporcionar un servicio de calidad, se aplican las siguientes condiciones: &nbsp; 1. Duraci\u00f3n del Convenio: El convenio tiene una duraci\u00f3n de 9 meses, brindando flexibilidad a las empresas participantes. &nbsp; 2. Toma de Lectura Remota: La [&hellip;]\" \/>\n<meta property=\"og:url\" content=\"https:\/\/pagaloqueimprimes.mx\/renuevate\/condiciones-del-programa\/\" \/>\n<meta property=\"og:site_name\" content=\"reNUEVAte\" \/>\n<meta property=\"article:modified_time\" content=\"2024-02-27T00:18:20+00:00\" \/>\n<meta name=\"twitter:card\" content=\"summary_large_image\" \/>\n<meta name=\"twitter:label1\" content=\"Tiempo de lectura\" \/>\n\t<meta name=\"twitter:data1\" content=\"4 minutos\" \/>\n<script type=\"application\/ld+json\" class=\"yoast-schema-graph\">{\"@context\":\"https:\/\/schema.org\",\"@graph\":[{\"@type\":\"WebPage\",\"@id\":\"https:\/\/pagaloqueimprimes.mx\/renuevate\/condiciones-del-programa\/\",\"url\":\"https:\/\/pagaloqueimprimes.mx\/renuevate\/condiciones-del-programa\/\",\"name\":\"Condiciones del programa - reNUEVAte\",\"isPartOf\":{\"@id\":\"https:\/\/pagaloqueimprimes.mx\/renuevate\/#website\"},\"datePublished\":\"2024-02-27T00:01:58+00:00\",\"dateModified\":\"2024-02-27T00:18:20+00:00\",\"breadcrumb\":{\"@id\":\"https:\/\/pagaloqueimprimes.mx\/renuevate\/condiciones-del-programa\/#breadcrumb\"},\"inLanguage\":\"es\",\"potentialAction\":[{\"@type\":\"ReadAction\",\"target\":[\"https:\/\/pagaloqueimprimes.mx\/renuevate\/condiciones-del-programa\/\"]}]},{\"@type\":\"BreadcrumbList\",\"@id\":\"https:\/\/pagaloqueimprimes.mx\/renuevate\/condiciones-del-programa\/#breadcrumb\",\"itemListElement\":[{\"@type\":\"ListItem\",\"position\":1,\"name\":\"Portada\",\"item\":\"https:\/\/pagaloqueimprimes.mx\/renuevate\/\"},{\"@type\":\"ListItem\",\"position\":2,\"name\":\"Condiciones del programa\"}]},{\"@type\":\"WebSite\",\"@id\":\"https:\/\/pagaloqueimprimes.mx\/renuevate\/#website\",\"url\":\"https:\/\/pagaloqueimprimes.mx\/renuevate\/\",\"name\":\"reNUEVAte\",\"description\":\"Renta de copiadoras, impresoras y multifuncionales y Ahorra hasta un 40% en costos de impresi\u00f3n, servicio, mantenimiento y consumibles incluidos solo en DF y \u00e1rea Metropolitana\",\"publisher\":{\"@id\":\"https:\/\/pagaloqueimprimes.mx\/renuevate\/#organization\"},\"potentialAction\":[{\"@type\":\"SearchAction\",\"target\":{\"@type\":\"EntryPoint\",\"urlTemplate\":\"https:\/\/pagaloqueimprimes.mx\/renuevate\/?s={search_term_string}\"},\"query-input\":\"required name=search_term_string\"}],\"inLanguage\":\"es\"},{\"@type\":\"Organization\",\"@id\":\"https:\/\/pagaloqueimprimes.mx\/renuevate\/#organization\",\"name\":\"reNUEVAte\",\"url\":\"https:\/\/pagaloqueimprimes.mx\/renuevate\/\",\"logo\":{\"@type\":\"ImageObject\",\"inLanguage\":\"es\",\"@id\":\"https:\/\/pagaloqueimprimes.mx\/renuevate\/#\/schema\/logo\/image\/\",\"url\":\"https:\/\/pagaloqueimprimes.mx\/renuevate\/wp-content\/uploads\/2024\/02\/logo-1.png\",\"contentUrl\":\"https:\/\/pagaloqueimprimes.mx\/renuevate\/wp-content\/uploads\/2024\/02\/logo-1.png\",\"width\":246,\"height\":104,\"caption\":\"reNUEVAte\"},\"image\":{\"@id\":\"https:\/\/pagaloqueimprimes.mx\/renuevate\/#\/schema\/logo\/image\/\"}}]}<\/script>\n<!-- \/ Yoast SEO plugin. -->","yoast_head_json":{"title":"Condiciones del programa - reNUEVAte","robots":{"index":"index","follow":"follow","max-snippet":"max-snippet:-1","max-image-preview":"max-image-preview:large","max-video-preview":"max-video-preview:-1"},"canonical":"https:\/\/pagaloqueimprimes.mx\/renuevate\/condiciones-del-programa\/","og_locale":"es_ES","og_type":"article","og_title":"Condiciones del programa - reNUEVAte","og_description":"CONDICIONES DEL PROGRAMA PLI RENUEVATE EN IMPRESI\u00d3N Con el objetivo de asegurar un uso \u00f3ptimo de los equipos y proporcionar un servicio de calidad, se aplican las siguientes condiciones: &nbsp; 1. Duraci\u00f3n del Convenio: El convenio tiene una duraci\u00f3n de 9 meses, brindando flexibilidad a las empresas participantes. &nbsp; 2. Toma de Lectura Remota: La [&hellip;]","og_url":"https:\/\/pagaloqueimprimes.mx\/renuevate\/condiciones-del-programa\/","og_site_name":"reNUEVAte","article_modified_time":"2024-02-27T00:18:20+00:00","twitter_card":"summary_large_image","twitter_misc":{"Tiempo de lectura":"4 minutos"},"schema":{"@context":"https:\/\/schema.org","@graph":[{"@type":"WebPage","@id":"https:\/\/pagaloqueimprimes.mx\/renuevate\/condiciones-del-programa\/","url":"https:\/\/pagaloqueimprimes.mx\/renuevate\/condiciones-del-programa\/","name":"Condiciones del programa - reNUEVAte","isPartOf":{"@id":"https:\/\/pagaloqueimprimes.mx\/renuevate\/#website"},"datePublished":"2024-02-27T00:01:58+00:00","dateModified":"2024-02-27T00:18:20+00:00","breadcrumb":{"@id":"https:\/\/pagaloqueimprimes.mx\/renuevate\/condiciones-del-programa\/#breadcrumb"},"inLanguage":"es","potentialAction":[{"@type":"ReadAction","target":["https:\/\/pagaloqueimprimes.mx\/renuevate\/condiciones-del-programa\/"]}]},{"@type":"BreadcrumbList","@id":"https:\/\/pagaloqueimprimes.mx\/renuevate\/condiciones-del-programa\/#breadcrumb","itemListElement":[{"@type":"ListItem","position":1,"name":"Portada","item":"https:\/\/pagaloqueimprimes.mx\/renuevate\/"},{"@type":"ListItem","position":2,"name":"Condiciones del programa"}]},{"@type":"WebSite","@id":"https:\/\/pagaloqueimprimes.mx\/renuevate\/#website","url":"https:\/\/pagaloqueimprimes.mx\/renuevate\/","name":"reNUEVAte","description":"Renta de copiadoras, impresoras y multifuncionales y Ahorra hasta un 40% en costos de impresi\u00f3n, servicio, mantenimiento y consumibles incluidos solo en DF y \u00e1rea Metropolitana","publisher":{"@id":"https:\/\/pagaloqueimprimes.mx\/renuevate\/#organization"},"potentialAction":[{"@type":"SearchAction","target":{"@type":"EntryPoint","urlTemplate":"https:\/\/pagaloqueimprimes.mx\/renuevate\/?s={search_term_string}"},"query-input":"required name=search_term_string"}],"inLanguage":"es"},{"@type":"Organization","@id":"https:\/\/pagaloqueimprimes.mx\/renuevate\/#organization","name":"reNUEVAte","url":"https:\/\/pagaloqueimprimes.mx\/renuevate\/","logo":{"@type":"ImageObject","inLanguage":"es","@id":"https:\/\/pagaloqueimprimes.mx\/renuevate\/#\/schema\/logo\/image\/","url":"https:\/\/pagaloqueimprimes.mx\/renuevate\/wp-content\/uploads\/2024\/02\/logo-1.png","contentUrl":"https:\/\/pagaloqueimprimes.mx\/renuevate\/wp-content\/uploads\/2024\/02\/logo-1.png","width":246,"height":104,"caption":"reNUEVAte"},"image":{"@id":"https:\/\/pagaloqueimprimes.mx\/renuevate\/#\/schema\/logo\/image\/"}}]}},"_links":{"self":[{"href":"https:\/\/pagaloqueimprimes.mx\/renuevate\/wp-json\/wp\/v2\/pages\/548"}],"collection":[{"href":"https:\/\/pagaloqueimprimes.mx\/renuevate\/wp-json\/wp\/v2\/pages"}],"about":[{"href":"https:\/\/pagaloqueimprimes.mx\/renuevate\/wp-json\/wp\/v2\/types\/page"}],"author":[{"embeddable":true,"href":"https:\/\/pagaloqueimprimes.mx\/renuevate\/wp-json\/wp\/v2\/users\/1"}],"replies":[{"embeddable":true,"href":"https:\/\/pagaloqueimprimes.mx\/renuevate\/wp-json\/wp\/v2\/comments?post=548"}],"version-history":[{"count":7,"href":"https:\/\/pagaloqueimprimes.mx\/renuevate\/wp-json\/wp\/v2\/pages\/548\/revisions"}],"predecessor-version":[{"id":556,"href":"https:\/\/pagaloqueimprimes.mx\/renuevate\/wp-json\/wp\/v2\/pages\/548\/revisions\/556"}],"wp:attachment":[{"href":"https:\/\/pagaloqueimprimes.mx\/renuevate\/wp-json\/wp\/v2\/media?parent=548"}],"curies":[{"name":"wp","href":"https:\/\/api.w.org\/{rel}","templated":true}]}}